ivided by 20.
15
Calculate the remainder when 623 is divided by 362.
261
What is the remainder when 585 is divided by 12?
9
What is the remainder when 210 is divided by 39?
15
What is the remainder when 541 is divided by 16?
13
What is the remainder when 138 is divided by 10?
8
Calculate the remainder when 1562 is divided by 321.
278
What is the remainder when 395 is divided by 100?
95
Calculate the remainder when 1085 is divided by 183.
170
Calculate the remainder when 248 is divided by 20.
8
What is the remainder when 412 is divided by 59?
58
What is the remainder when 428 is divided by 66?
32
Calculate the remainder when 278 is divided by 35.
33
Calculate the remainder when 2787 is divided by 10.
7
What is the remainder when 2623 is divided by 64?
63
Calculate the remainder when 636 is divided by 165.
141
What is the remainder when 612 is divided by 149?
16
What is the remainder when 264 is divided by 72?
48
Calculate the remainder when 248 is divided by 28.
24
What is the remainder when 2783 is divided by 8?
7
Calculate the remainder when 1463 is divided by 33.
11
What is the remainder when 573 is divided by 29?
22
What is the remainder when 71 is divided by 31?
9
What is the remainder when 209 is divided by 56?
41
What is the remainder when 372 is divided by 180?
12
What is the remainder when 267 is divided by 21?
15
Calculate the remainder when 401 is divided by 112.
65
Calculate the remainder when 106 is divided by 34.
4
Calculate the remainder when 182 is divided by 37.
34
Calculate the remainder when 206 is divided by 16.
14
Calculate the remainder when 383 is divided by 8.
7
Calculate the remainder when 525 is divided by 250.
25
What is the remainder when 10188 is divided by 14?
10
Calculate the remainder when 165 is divided by 13.
9
Calculate the remainder when 1263 is divided by 70.
3
Calculate the remainder when 65 is divided by 34.
31
What is the remainder when 1038 is divided by 65?
63
What is the remainder when 1021 is divided by 7?
6
What is the remainder when 737 is divided by 41?
40
What is the remainder when 184 is divided by 95?
89
Calculate the remainder when 58 is divided by 21.
16
What is the remainder when 272 is divided by 40?
32
Calculate the remainder when 690 is divided by 98.
4
What is the remainder when 186 is divided by 55?
21
What is the remainder when 9328 is divided by 5?
3
Calculate the remainder when 671 is divided by 32.
31
Calculate the remainder when 2915 is divided by 57.
8
Calculate the remainder when 4722 is divided by 1574.
0
What is the remainder when 917 is divided by 102?
101
Calculate the remainder when 557 is divided by 10.
7
Calculate the remainder when 1142 is divided by 44.
42
Calculate the remainder when 276 is divided by 154.
122
What is the remainder when 309 is divided by 111?
87
What is the remainder when 127 is divided by 15?
7
Calculate the remainder when 532 is divided by 261.
10
What is the remainder when 3657 is divided by 122?
119
Calculate the remainder when 145 is divided by 39.
28
Calculate the remainder when 139 is divided by 15.
4
What is the remainder when 28 is divided by 19?
9
What is the remainder when 1138 is divided by 37?
28
Calculate the remainder when 1966 is divided by 68.
62
Calculate the remainder when 7894 is divided by 8.
6
Calculate the remainder when 1780 is divided by 17.
12
Calculate the remainder when 2737 is divided by 389.
14
Calculate the remainder when 208 is divided by 21.
19
Calculate the remainder when 401 is divided by 42.
23
What is the remainder when 7500 is divided by 56?
52
Calculate the remainder when 91 is divided by 42.
7
Calculate the remainder when 2824 is divided by 66.
52
What is the remainder when 436 is divided by 216?
4
What is the remainder when 126 is divided by 27?
18
What is the remainder when 957 is divided by 14?
5
Calculate the remainder when 442 is divided by 80.
42
What is the remainder when 129 is divided by 19?
15
What is the remainder when 43146 is divided by 46?
44
What is the remainder when 1289 is divided by 76?
73
What is the remainder when 168 is divided by 90?
78
What is the remainder when 92 is divided by 19?
16
What is the remainder when 712 is divided by 15?
7
Calculate the remainder when 2408 is divided by 33.
32
Calculate the remainder when 111 is divided by 33.
12
What is the remainder when 25407 is divided by 165?
162
What is the remainder when 18 is divided by 11?
7
What is the remainder when 103 is divided by 83?
20
What is the remainder when 12414 is divided by 194?
192
What is the remainder when 806 is divided by 30?
26
Calculate the remainder when 356 is divided by 51.
50
Calculate the remainder when 255 is divided by 43.
40
What is the remainder when 868 is divided by 35?
28
Calculate the remainder when 2901 is divided by 162.
147
Calculate the remainder when 7064 is divided by 15.
14
Calculate the remainder when 2201 is divided by 28.
17
Calculate the remainder when 388 is divided by 128.
4
What is the remainder when 8227 is divided by 358?
351
Calculate the remainder when 32 is divided by 13.
6
Calculate the remainder when 314 is divided by 101.
11
What is the remainder when 8008 is divided by 9?
7
What is the remainder when 11777 is divided by 78?
77
Calculate the remainder when 56 is divided by 47.
9
What is the remainder when 30958 is divided by 344?
342
Calculate the remainder when 291 is divided by 73.
72
What is the remainder when 234 is divided by 53?
22
What is the remainder when 811 is divided by 156?
31
What is the remainder when 46 is divided by 23?
0
Calculate the remainder when 114 is divided by 81.
33
Calculate the remainder when 2799 is divided by 932.
3
What is the remainder when 25 is divided by 7?
4
What is the remainder when 22 is divided by 16?
6
What is the remainder when 253 is divided by 118?
17
Calculate the remainder when 2741 is divided by 14.
11
Calculate the remainder when 509 is divided by 30.
29
What is the remainder when 725 is divided by 91?
88
Calculate the remainder when 33 is divided by 6.
3
What is the remainder when 1447 is divided by 184?
159
Calculate the remainder when 2023 is divided by 15.
13
Calculate the remainder when 60039 is divided by 76.
75
Calculate the remainder when 333 is divided by 32.
13
Calculate the remainder when 328 is divided by 66.
64
What is the remainder when 3953 is divided by 113?
111
What is the remainder when 926 is divided by 15?
11
What is the remainder when 367 is divided by 70?
17
What is the remainder when 91 is divided by 24?
19
What is the remainder when 231 is divided by 18?
15
What is the remainder when 119 is divided by 10?
9
What is the remainder when 543 is divided by 34?
33
What is the remainder when 70 is divided by 13?
5
What is the remainder when 106 is divided by 29?
19
Calculate the remainder when 162 is divided by 88.
74
What is the remainder when 2230 is divided by 93?
91
What is the remainder when 391 is divided by 21?
13
What is the remainder when 291 is divided by 4?
3
What is the remainder when 286 is divided by 29?
25
Calculate the remainder when 1528 is divided by 93.
40
Calculate the remainder when 2870 is divided by 29.
28
What is the remainder when 376 is divided by 38?
34
Calculate the remainder when 1309 is divided by 101.
97
Calculate the remainder when 17 is divided by 1.
0
What is the remainder when 31 is divided by 11?
9
What is the remainder when 891 is divided by 877?
14
Calculate the remainder when 65 is divided by 14.
9
Calculate the remainder when 423 is divided by 22.
5
Calculate the remainder when 499 is divided by 30.
19
What is the remainder when 2740 is divided by 70?
10
What is the remainder when 122 is divided by 18?
14
Calculate the remainder when 1237 is divided by 17.
13
What is the remainder when 76 is divided by 50?
26
Calculate the remainder when 10862 is divided by 56.
54
Calculate the remainder when 159 is divided by 60.
39
Calculate the remainder when 277 is divided by 6.
1
Calculate the remainder when 2412 is divided by 794.
30
What is the remainder when 45 is divided by 13?
6
What is the remainder when 695 is divided by 112?
23
Calculate the remainder when 127 is divided by 16.
15
Calculate the remainder when 119 is divided by 68.
51
Calculate the remainder when 804 is divided